7*i - 24354. What is the remainder when i is divided by 93?
90
Let k be 72/20 + (-18)/30 + 1. Suppose 3*h - k*b - 259 = 0, h = -h + 2*b + 174. What is the remainder when h is divided by 23?
20
What is the remainder when 349 - (8 - (252/9)/4) is divided by 25?
23
Let t = -23 - 71. Let b = 115 + t. What is the remainder when b is divided by 8?
5
Let d = 4 + -4. Suppose 9*o - 8*o - 12 = d. What is the remainder when 35 is divided by o?
11
Let n(l) = -23*l**2 + l + 7. Let s be n(-2). Calculate the remainder when s/(-2) - (-7 + 75/10) is divided by 15.
13
Suppose -1 = -3*y + 2*y. What is the remainder when (28 - (0 + -3))*y is divided by ((-6)/5 - 0)/((-90)/1200)?
15
Let p(o) = o - 1. Let s(w) = 3*w - 9. Let t(f) = -2*p(f) + s(f). Let y be (-1 + 3)*65/10. Calculate the remainder when t(y) is divided by 3.
0
Suppose -144 = -y - 3*z, -5*z = -0*z + 25. Let i = -141 + y. Calculate the remainder when 84 is divided by i.
12
Suppose -20*m + 7*m - 264 = -17*m. What is the remainder when 126 is divided by m?
60
Let c be (-4446)/(-15) - ((-12)/5)/(-6). Suppose -6*z + 7*z = c. Let o = z + -154. What is the remainder when o is divided by 29?
26
Suppose 20*o - 127 - 53 = 0. Let s = -524 + 758. Suppose x - s = -2*x. What is the remainder when x is divided by o?
6
Let c = 747 - -1066. Calculate the remainder when c is divided by 55.
53
Suppose -4*y + 5*y = -2*m + 183, 3*m - 277 = y. Let k = m - 81. What is the remainder when k is divided by 5?
1
Suppose 3*i = -5*a + 229, 0 = 4*i + a - 135 - 159. What is the remainder when i is divided by 31?
11
Suppose 343322 = 138*b + 57*b + 79*b. What is the remainder when b is divided by 395?
68
Let g(i) be the second derivative of 7/6*i**3 + 3/2*i**2 + 23*i + 1/10*i**5 - 5/6*i**4 + 0. Calculate the remainder when g(6) is divided by 15.
12
Suppose -3*p - 4*p = -84. Suppose p*f - 72 = 3*f. Calculate the remainder when f is divided by 3.
2
Let w(c) = 34*c + 1169. What is the remainder when 820 is divided by w(-31)?
15
Suppose 0 = 85*h - 78*h + 1092. Calculate the remainder when 232 is divided by (2*(-4)/(-16))/((-6)/h).
11
Let r = -53 + -192. Let t = -174 - r. Calculate the remainder when t is divided by 11.
5
Suppose -c + 6*c - 4*m - 129 = 0, 4*c - 102 = 2*m. Calculate the remainder when 0/(-1) + (97 - 0) is divided by c.
22
Let s = -46 - -249. Suppose 0 = 2*a + 2*v - 228, 2*a - s = -0*a + 3*v. What is the remainder when a is divided by 30?
19
What is the remainder when 1065 is divided by 6/(-9) + (-38036)/(-111)?
39
Let t(n) = n**2 - 23*n - 79. What is the remainder when 258 is divided by t(-7)?
127
Let l = -155 - -552. What is the remainder when l is divided by (-281 - -281 - (-1*1 - -7))/(51/(-680))?
77
Suppose 9*a - 260 + 18 = 64. What is the remainder when 156 is divided by a?
20
Suppose 24*c + 3995 = 44*c + 65*c. Calculate the remainder when 134 is divided by c.
40
Suppose 129*h - 3346 - 4435 - 5893 = 0. What is the remainder when h is divided by 73?
33
Suppose 3*b - 13 - 11 = 0. Let r be -7*2/6 + (-22)/(-66). Calculate the remainder when (-6 + 1 - r) + 33 + 7 is divided by b.
5
Let u(w) = 14*w**2 - 89*w + 450. What is the remainder when u(6) is divided by 213?
207
Let v be (-1)/(((-4424)/4428 - -1)/1). Calculate the remainder when 11 is divided by v/(-189) - (-2)/14.
5
Suppose 3*p = -l + 2409, -5*l + 16912 = -5*p + 4707. Calculate the remainder when l is divided by 1216.
1
Let l(z) be the first derivative of z**4/4 + 8*z**3/3 - z**2 + 5*z + 82. Calculate the remainder when l(-8) is divided by 5.
1
Suppose -205 = -10*g + 5*g. Suppose 10*v + 5*v = 20*v - 595. What is the remainder when v is divided by g?
37
Let j(i) = 829*i + 7423. What is the remainder when j(-7) is divided by 29?
25
Let t be 1/(-1*((-4)/(-13560))/(-1)). Suppose 23*k + 7*k = t. What is the remainder when k is divided by 6?
5
Suppose -2400*j + 2416*j - 368 = 0. What is the remainder when 152 is divided by j?
14
Suppose y - 5 = 0, 4*i - 4*y + 5*y - 577 = 0. Calculate the remainder when 533 is divided by i.
104
Suppose 44 = -8*o + 556. Let c be (o/10)/((-2)/10). Let v = c + 45. What is the remainder when 37 is divided by v?
11
Let y(m) = 3*m**3 - 3*m**2 - 361*m + 2185. What is the remainder when y(6) is divided by 39?
13
Let h be ((-48)/14)/((-2)/7). Let x be (-4)/(-3) - (-20)/h. Suppose -3*c + g + 263 = 0, 10 = g - x*g. Calculate the remainder when c is divided by 22.
20
Let i(g) = -11*g**2 - 7*g + 7. Let l(s) = -2*s**2 - s. Let h(y) = -i(y) + 5*l(y). Calculate the remainder when h(9) is divided by 5.
2
Let w = 96 + -74. Suppose 0 = 5*n + 3*v - 4*v - 110, -n - 2*v + w = 0. Let s = -91 - -132. What is the remainder when s is divided by n?
19
Let z be 424/12 - (-5)/(-15). What is the remainder when z/(-175) - (-381)/5 is divided by 13?
11
Let x = 19 - -5. Let c = 26 - x. Suppose c*l - 75 = -3*l. Calculate the remainder when 35 is divided by l.
5
Let u = 84 - 23. Suppose 14*k - 3*q = 10*k + 955, -2*q = -3*k + 717. What is the remainder when k is divided by u?
58
Let a(m) = -m**2 - 42*m - 279. What is the remainder when 3233 is divided by a(-33)?
11
Let u = -55 + 57. Suppose -3*z - 4*g = -7 - 15, -12 = -2*z - u*g. Suppose -z*h + 15 = -1. What is the remainder when 31 is divided by h?
7
Let a(h) = -1046*h - 1492. Calculate the remainder when a(-5) is divided by 72.
66
Suppose -271*z + 250*z + 18837 = 0. What is the remainder when z is divided by 78?
39
Let b = -29 + 38. Suppose b = -50*y + 53*y. Suppose -y*q = 12*q - 120. What is the remainder when 54 is divided by q?
6
Suppose 0 = -4*n + 26 + 66. Let w be 130/13 - 4/1. What is the remainder when n is divided by 3 + 3 + w + -1?
1
Let o be (-1 - -2)/(11/44) + 11. Calculate the remainder when 51 is divided by (-3 - -8) + (-6 - -4) + o.
15
Suppose -33*h + 5359 + 1373 = 0. What is the remainder when h is divided by 101?
2
Suppose 14*w = 8*w + 126. Suppose -13*a - 392 = -w*a. Let z = 59 + -46. What is the remainder when a is divided by z?
10
Let o(k) = 3*k**2 - 10*k + 41*k - 13*k - 12*k. Suppose 0 = 2*b + 21 - 7. Calculate the remainder when o(b) is divided by 27.
24
Suppose 0 = -2*s + p + 27, 2*p - 60 = -4*s - 2*p. Let x be (-200)/s + (-22)/(-77). Let r = 41 + x. What is the remainder when 52 is divided by r?
25
Let z(a) = -a**2 - 6*a + 7. Suppose s + 5 = -4*c, 3*s = -3*c + 1 + 2. Let k be z(s). What is the remainder when (k*(-17)/(-6))/(4/(-6)) is divided by 29?
27
Let c(m) = -4990*m - 975. Calculate the remainder when c(-6) is divided by 68.
65
Let y(f) = -22*f - 683. Calculate the remainder when y(-35) is divided by 44.
43
Suppose -619 = -6*b + 539. Suppose 4*q - 21 = -3*q. Calculate the remainder when b is divided by q.
1
Let f(i) be the third derivative of i**5/5 - 19*i**4/12 + 43*i**3/2 + 159*i**2 + 1. Calculate the remainder when f(4) is divided by 18.
7
Suppose -3*p = 4*i + p + 20, i + 3*p = -15. Let m(r) = r**3 - 2*r**2 + 9*r + 25. What is the remainder when 74 is divided by m(i)?
24
Let f = 2458 - 2118. What is the remainder when f is divided by 129?
82
Calculate the remainder when 82 is divided by ((-279)/(-1116))/((-2)/(-472)).
23
Let i(m) = -m**3 + 11*m**2 - 11*m - 19. Let g be i(9). Let n = -48 + g. Calculate the remainder when 60 is divided by -2 - (-19 - (3 + n)).
12
Suppose -1562*x - 11172 = -1660*x. What is the remainder when 681 is divided by x?
111
Calculate the remainder when 0/(-2) - (-892 + 57) is divided by 40.
35
Let h = 213 + -260. What is the remainder when 613 is divided by ((-3)/3)/((-2)/(-6)) - h?
41
Let u = 4156 + -2641. Calculate the remainder when u is divided by 23.
20
Suppose b = -3*u + 445 - 417, -84 = -3*b - 5*u. What is the remainder when 269 is divided by b?
17
Let o be (-65)/(-25) + (-10)/(-25). Suppose o*p - 4 = p, -r = p - 126. Let s = r - 104. Calculate the remainder when 55 is divided by s.
15
Let g = -82 - -90. Let t(k) = -k**3 + 8*k**2 - 3*k + 21. Let m be t(g). Let j(i) = -15*i + 8. What is the remainder when j(m) is divided by 5?
3
Suppose -35 = -t - a, -3*a - 62 = -4*t + 57. Calculate the remainder when 99 is divided by t.
3
Let r = 26772 + -26611. What is the remainder when r is divided by 38?
9
Suppose -7*h - 663 = -4100. Suppose 6 = 3*f, -u + h = 6*f - 10*f. Calculate the remainder when u is divided by 42.
37
Suppose 5*l + 152 = u, 5*u - 5*l + 325 = 1005. Supp